b) = -b**3 - 6*b**2 + 6. Let u be z(-6). Suppose -u = -q*p + p. What is the units digit of p?
3
Let q be 2*1 - (-7 + 6). Suppose q = -3*g + 39. What is the tens digit of g?
1
Let w(z) = 15*z - 1. Let a be w(5). Let r = a - 35. What is the tens digit of r?
3
Suppose -7*r + 89 = -6*r. What is the units digit of r/3 + 6/18?
0
Let z = 103 - 95. What is the units digit of z?
8
Suppose -f - f + 18 = 0. Let h be (15/10)/((-3)/(-28)). What is the units digit of h/6 + (-3)/f?
2
Let g = 8 + -7. Suppose 0 = -r + g + 9. What is the units digit of r?
0
Let r = -10 + 13. Suppose -r*n - 7 = f - 111, -5*f + 58 = n. What is the units digit of n?
3
Suppose -68 = -4*c - 0*c. What is the tens digit of c?
1
Let n be ((-18)/4)/((-1)/4). Let i = n - 11. What is the units digit of i?
7
Suppose 0 = -u - 4*t + 25, -u + 20 = t + 2*t. Suppose u*l - 4 = l - 4*z, 0 = 3*z - 3. Suppose l = -0*p + 5*p - 30. What is the units digit of p?
6
Let z be 7 + -52 - (-4 - 0). Let y = -27 - z. What is the units digit of y?
4
Let l = -3 + 5. Let y = 8 - l. What is the units digit of y/3*(-11)/(-2)?
1
Let x(n) = 4*n - 12. Let t be x(9). Suppose 4*m = 4*c + 64, -5*m - c + 80 = -t. Suppose 3*l = b + 4, l + 2 + m = 5*b. What is the units digit of l?
3
Suppose -5*u + 2*u = 5*d - 81, 0 = 2*u + d - 54. Suppose a - 18 = u. What is the tens digit of a?
4
Let l(d) = 2*d. Let b be l(1). What is the units digit of (6 - 4)*1/b?
1
Suppose -3*k - 4*o = o + 10, 2*k - 4*o = 8. Suppose k = 3*x + x - 16. What is the units digit of x?
4
Let a be (2 - -2)/(-2 + 0). Let v(p) = 8*p**2 + p - 1. What is the units digit of v(a)?
9
Let z = 30 + -12. Let s = 1 + z. What is the tens digit of s?
1
Let q = 142 - -34. What is the hundreds digit of q?
1
Let c = 60 + -30. What is the tens digit of c?
3
Suppose -4*s + 4 = -5*s. What is the units digit of (2/s)/((-2)/72)?
8
Suppose b - 2 + 1 = 0. Let n be 2 + -2 + 1 + b. Suppose 3*v = -4*u + 15, 0 = n*u - 0*u - 6. What is the units digit of v?
1
Let i = 36 + -34. What is the units digit of i?
2
Suppose 4*z - 2 = -10. What is the units digit of (z/(-2))/((-6)/(-12))?
2
Let k(f) = 2*f**2 + 2*f - 2. Let o be k(-2). Let q(b) = 4*b + 1. What is the units digit of q(o)?
9
Suppose 2*q - 72 = 74. Let z = 12 + q. Suppose -4*x - z = -5*o, -4*o + o + 2*x + 49 = 0. What is the units digit of o?
3
Let w be ((-3)/(-2))/((-7)/(-70)). Suppose 0 = -2*u - u + w. What is the units digit of u?
5
Let l = 70 + -6. Suppose 4*z - f - l = 3*f, 2*z = -5*f + 4. What is the units digit of z?
2
Let y be ((-72)/63)/(4/(-14)). Suppose y*t - 2*t - 36 = 0. What is the units digit of t?
8
Let y be -3 + (-3)/(3/(-55)). Let z = y - 28. What is the units digit of z?
4
Let a(q) = q**3 - 9*q**2 - 3*q + 12. Let w be a(9). Let m(f) = -f - 8. What is the units digit of m(w)?
7
Let k be ((-21)/(-9))/((-1)/(-66)). Suppose -31 = 3*x - k. What is the tens digit of x?
4
Suppose 2*g = -0*g - 178. Let z = -60 - g. What is the tens digit of z?
2
Let w(p) = -p**3 + 13*p**2 + 7*p - 13. What is the units digit of w(13)?
8
Suppose -3*b = -255 + 54. What is the tens digit of b?
6
Let w(i) = -i**3 - 9*i**2 + 10*i + 3. Let a be w(-10). Suppose 4*q + a*v = 17, 4*q - 3 - 2 = v. What is the units digit of q?
2
Let z(i) = -i**2 + 13*i + 10. Let s = -16 - -23. Let k be z(s). Suppose -26 = -3*l + 4*v + 8, -k = -3*l - 5*v. What is the units digit of l?
4
Suppose 5*o = -0*o + 80. Suppose -4*m = -o, -15 = -2*y + 5*m + 27. What is the units digit of y?
1
Suppose 3*v - 4*y - 107 = 0, 148 = 6*v - 2*v - 4*y. What is the units digit of v?
1
What is the units digit of 78*-3*1/(-6)?
9
Let s(k) = -k**3 - 2*k**2 - 3*k - 3. Let n be s(3). Let d = 83 + n. What is the units digit of d?
6
What is the units digit of ((-2)/(-3))/(17585/(-5865) + 3)?
1
Suppose -2*j = 3*j - 110. What is the units digit of j?
2
Suppose 28 = 2*v - 58. What is the tens digit of v?
4
Let z be ((-16)/(-6))/((-10)/(-15)). Suppose -5*u = -3*p - 27 - 9, 38 = 5*u - z*p. What is the units digit of u?
6
Let v(y) = y - 1. Suppose -12 - 8 = -4*r - c, 5*c = 5*r. What is the units digit of v(r)?
3
What is the units digit of (-1)/((-4)/300*3)?
5
Let n(z) = -z**3 - 7*z**2 - 2*z - 11. What is the tens digit of n(-8)?
6
Suppose 13 - 1 = 4*u. Let n be (-6)/(-15) - (-26)/10. Suppose 0 = -n*s - k + 14, 0*k = u*s + 4*k - 2. What is the units digit of s?
6
Let t = 108 + -70. What is the tens digit of t?
3
Let v(g) = g**2 - 2*g + 2. Suppose 0 = -5*d + d + 12. What is the units digit of v(d)?
5
What is the units digit of 8/(-10) + (-4476)/(-20)?
3
Let g be 19/4 - (-1)/4. Let v(b) = 2*b - 2. Let z(n) = -4*n + 5. Let a(y) = g*v(y) + 2*z(y). What is the units digit of a(3)?
6
Suppose -b - 2 = -z, 2 = 5*z + 5*b - 8. Suppose 0*h = -3*h - 2*u + 114, -z*h + 87 = 5*u. What is the units digit of h?
6
Let u(x) be the third derivative of -x**5/60 + x**4/8 + x**3/3 + x**2. Suppose -5*g = -14 - 1, 5*t - 18 = -g. What is the units digit of u(t)?
2
Suppose -3*m + m + 16 = 0. What is the units digit of m?
8
Let r(c) = 15*c**3 + 2*c**2 - 4*c + 5. What is the tens digit of r(2)?
2
Suppose 3*i = i. Let f(o) = o**3 - o + 5. What is the units digit of f(i)?
5
Suppose 0 = -f - 4 + 6. Let g(x) = -3*x. Let m be g(-11). Suppose -f*y - y = -m. What is the units digit of y?
1
Suppose 2*b + 0*b + 5*a = 35, 10 = b - 5*a. Suppose 5*f = b, 2*g - 21 = 3*f - 6*f. What is the units digit of g?
6
Let p = 190 - 135. What is the tens digit of p?
5
Let c be -2 - 1/(3/(-24)). Let i be ((-63)/c)/((-3)/(-6)). Let y = i + 29. What is the units digit of y?
8
Suppose 2*w = 0, -q + 5*w - 14 = -3*q. Suppose n = -0*n - q. Let g = n + 16. What is the units digit of g?
9
Suppose 2 + 10 = 3*r. Suppose 0 = 2*g - 4*b - 30, 3*g + r*b - 25 = -0*b. What is the tens digit of g?
1
Suppose -5*g + 26 - 6 = 0. Suppose -36 = -2*b - 5*k, -3*k + 2*k + g = 0. Suppose 3*s - b = 2*s. What is the units digit of s?
8
Let r(o) = o + 10. Let h be r(-6). Suppose -5*m = 2*z - 4*z - 30, 0 = -4*m + h*z + 24. Suppose -3*f + 2*f = -m. What is the units digit of f?
6
Suppose 0 = o - 3*u + 26, -122 = 4*o - 3*u. What is the tens digit of 124*4*(-2)/o?
3
What is the tens digit of (-894)/(-15) - 1 - 2/(-5)?
5
Let r(l) = l**3 - 9*l**2 - 10*l + 4. Let p be r(10). Suppose p = 2*m - 2. Suppose -4*q + 2 = -t + 2*t, -2 = -t + m*q. What is the units digit of t?
2
Suppose 4*c = 7*g - 6*g + 80, -3*g = -2*c + 30. What is the units digit of c?
1
Let n = 2 + -1. Let d(f) = -f**3 - 6*f**2 + 8*f - 5. Let s be d(-7). What is the tens digit of n/(1/(-1)) - s?
1
Let z(l) = 53*l - 79. What is the units digit of z(5)?
6
Suppose -2*b + 5*w - w + 32 = 0, -4*b = -5*w - 49. Let y(v) = v + 4. Let o be y(-2). Suppose 3*l = o*l + b. What is the units digit of l?
6
Let n(v) = v**2 - 2*v + 3. Let x = 15 + -11. Suppose -x*s - 20 = -3*m, 4*m = m + 2*s + 16. What is the tens digit of n(m)?
1
Suppose 2*t - a + 3 = 0, 2*a = t - 0*a. What is the units digit of 8/(0 + 3 + t)?
8
Let j(c) = 3*c**2 - 1. Let q(f) = -f - 8. Let l be q(-6). Let h be j(l). Let s = -3 + h. What is the units digit of s?
8
Let z = 25 - 40. Let d be (-50)/z - (-1)/(-3). Let i = -2 + d. What is the units digit of i?
1
Let u be (-1 - -3) + 1 + -3. Let p = u + 1. Let g = 6 + p. What is the units digit of g?
7
Let o = 9 + -8. What is the units digit of o?
1
Let v(l) = -l**2 + 7*l - 3. Let u be v(3). Suppose 4*x + 4*q - 58 = -x, -3*q = u. What is the units digit of x?
4
Let w(j) = -13*j. Let i be w(-4). Let x = 37 - i. Let f = -6 - x. What is the units digit of f?
9
Suppose 0 = -9*y + 192 + 78. What is the units digit of y?
0
Suppose -55 - 21 = -4*f. What is the units digit of f?
9
Let h(x) be the third derivative of 11*x**5/20 + x**4/24 - x**3/3 - 7*x**2. What is the units digit of h(1)?
2
Suppose 0 = 5*p - 4*a - 9, 0 = 5*p + 2*a + 3*a. Let v = p - 1. Suppose v = -d - 1 + 2. What is the units digit of d?
1
Suppose 3*u + 136 = 2*h, -4*h + 4*u + 258 = 5*u. What is the units digit of (-2 - 26/(-10))*h?
9
Suppose -b - 3*b = -100. Suppose 3*c - 7*c = -44. Suppose j = b - c. What is the tens digit of j?
1
Let t(l) be the second derivative of l**3/6 - 3*l**2 - l. Let q be t(8). Suppose q*f = -1 + 11. What is the units digit of f?
5
Suppose 6*c = 3*c + 231. What is the units digit of c?
7
Let i(a) = -a**2 - 10*a - 3. Let l(f) = f**2 + 7*f - 9.